2*z**2 + 9*z - 11. Let t(a) = -6*a**2 + 28*a - 34. Let b(h) = -7*n(h) + 2*t(h). Let c(p) = b(p) + f(p). Give c(6).
3
Let n(o) = -5*o**3 + o**2 + o + 1. Let q be (-1)/2*(1 - (1 - 2)). Let p be (-61 + 60)/(-1*1*q). Give n(p).
6
Let a(x) = 2*x + 2*x - 5 - 5*x. Let i be ((-1)/4)/((-5)/100). Suppose -20 = b - i*w, 2*b - 5 = -2*w + 3. What is a(b)?
-5
Let d(y) be the second derivative of -y**4/12 + y**3/6 + y**2 + 2*y. Suppose 50 = -2*v + 12*v. Suppose g + m - 6 = 3*g, 0 = v*m. Give d(g).
-10
Let t(d) = 11 - 2*d - 2*d + 3*d. Suppose 11*l = 12*l. Calculate t(l).
11
Let y = 64 + -54. Let p(i) = i + 3*i**2 - 4*i + y*i - 5*i**2 + 6. Calculate p(6).
-24
Let m(p) = p**2 - 9*p + 9. Let h(o) = -7*o - 7*o + 571*o**2 + 14 - 569*o**2. Let v(a) = -5*h(a) + 8*m(a). Give v(2).
-10
Suppose -53 = 4*t - d, 2*d + d = -3*t - 36. Let l = -6 - t. Let p(i) be the third derivative of i**5/60 - 7*i**4/24 + 4*i**3/3 + 12*i**2. Calculate p(l).
8
Let u be (-140)/(-15)*6/4. Let t = u + -8. Let g(d) = d**2 + 4*d**2 - 11*d + t - 4*d**2 + 4*d. Calculate g(4).
-6
Let z be (0 - 175/(-7))*2/10. Let b(x) = -4 + z*x - 2 + 5 + 0. Give b(1).
4
Let d(j) = -3 + 5*j**2 + 6 + 2 - 3*j - j**3. Suppose -4*y + 2*q = -14, -2*q = -y - 0*y + 2. Suppose 0 = -2*u - r + 10, -u - 3*u = y*r - 24. What is d(u)?
9
Let u(h) = -5*h - 24. Let s(y) = 9*y + 36. Let c(d) = 3*s(d) + 5*u(d). Determine c(-2).
-16
Let i(r) be the second derivative of -r**5/20 - 5*r**4/12 - r**3/3 - 7*r**2/2 + 11*r - 2. Calculate i(-5).
3
Let f(x) be the third derivative of -x**6/120 - 3*x**5/20 - 11*x**4/24 + x**3/3 - 97*x**2. Give f(-8).
26
Let b(h) = 18 - 3*h - 13 - 6. Let l be (3 + 0)/((-12)/(-80)). Let o be (-16)/l*(-10)/(-4). Give b(o).
5
Let n(a) = -a**3 + 6*a**2 + 2*a - 9. Suppose -22 = -4*x + 2*h, 2*x = -x + 4*h + 14. Determine n(x).
3
Let a(n) = -n**2 + 4*n + 8. Let r be a(6). Let f(l) be the first derivative of -l**3/3 - 7*l**2/2 - 5*l + 197. Determine f(r).
7
Let q(w) be the second derivative of -9/2*w**2 - 31*w - 1/12*w**4 + 4/3*w**3 + 0. Calculate q(6).
3
Suppose -6 = -5*w + 69. Suppose 0*y - w = -5*y. Let n(v) = 7*v - 1 + y + 0*v**2 - v**2. Determine n(6).
8
Let b(h) = -3*h**2 + 8*h + 7. Let x = 10 + -12. Let u(n) = 13*n**2 - 33*n - 29. Let z(y) = x*u(y) - 9*b(y). Let o(a) = -a - 7. Let g be o(-14). What is z(g)?
2
Let r(i) = -i**3 + 5*i**2 + 9*i - 5. Let n = -154 - -161. What is r(n)?
-40
Let l(c) be the third derivative of c**9/60480 + c**7/5040 - 7*c**6/720 + c**5/30 - 7*c**2. Let o(x) be the third derivative of l(x). Calculate o(0).
-7
Let n(m) be the second derivative of m**5/20 + 7*m**4/12 + 5*m**3/6 + m**2/2 - 4*m. What is n(-6)?
7
Suppose -6 = 5*j - 8*j. Suppose 2*o = -j*o + 24. Let d(v) = -3*v + 8. What is d(o)?
-10
Let s(k) = -k**2 - 16*k - 67. Suppose 0 = -2*h - 5*q - 8, -4*h = -3*q + 37 + 5. What is s(h)?
-4
Let g(o) = 32*o + 18. Let m(a) = 13*a + 7. Let h(u) = 5*g(u) - 12*m(u). Give h(5).
26
Let x(k) = 3*k**3 - 4*k**2 - 4*k - 2. Let w(d) = 4*d**3 - 5*d**2 - 5*d - 2. Let p(s) = -5*w(s) + 6*x(s). Calculate p(2).
-12
Let w(o) = o**2 + o + 20. Suppose 11*t = 84*t. Determine w(t).
20
Let g(v) = -v**2 - 6*v + 3. Let c be 3*(-3)/(-6)*-4. Let p be 3 + c/2 + -5. Determine g(p).
8
Let b be (4/6)/(6/108) + -1. Let l(c) = 6 - b + 4 + 7*c - 3*c. Calculate l(-3).
-13
Suppose a = -a + 6. Let d(x) = -3*x**3 + 5*x + 4 + 5*x**2 - 2 + 4*x**a. Suppose 815*u = 821*u + 24. Give d(u).
-2
Let l(z) be the first derivative of -z**2 + 15*z + 11. Calculate l(8).
-1
Let s(i) = 2129 - 2143 - 7*i - 3*i**2 - 3*i. What is s(-2)?
-6
Let c(w) = w**2 + 5*w + 7. Let r(g) = 2*g**2 + 7*g + 7. Let b(z) = -3*c(z) + 2*r(z). Give b(-3).
5
Suppose -3*y + 6 = -y. Let r(z) be the first derivative of 2*z**3/3 - 5*z**2/2 + 2*z + 1749. Calculate r(y).
5
Let l(z) = 2*z - z**2 - 5*z**2 + 6 - z - z**3 + 0. Let m(j) = j**3 + 4*j**2 - 2*j - 2. Let f be m(-4). Suppose 5*u + 5 = -5*d, 5*u + 3*d + f = -9. Give l(u).
0
Let h(q) = -4*q**2 + 28*q - 41. Let z be h(5). Let x(r) = 40*r**2 - 2*r - 1. What is x(z)?
41
Let t(o) = -8*o**2 - 3*o**2 - 2 + 6 + 9*o + 12*o**2. Give t(-8).
-4
Let i(p) = 6*p**2 + 7*p - 5. Let s(r) = -5*r**2 - 7*r + 4. Let x(f) = 6*i(f) + 7*s(f). Give x(6).
-8
Suppose 5*z + 37 = 9*n - 10*n, n + 23 = -3*z. Let k(j) = 2*j - 5. Determine k(z).
-19
Let u(r) be the third derivative of r**6/120 + 2*r**5/15 - 3*r**4/8 + r**3/6 - r**2. Let z(p) = -p**3 - 44*p**2 - 3*p - 141. Let w be z(-44). What is u(w)?
1
Suppose 2*z = 1 + 1. Let m be 3 - -3*(z/3 + 0). Let w(q) = -3*q**2 - 6 - 2*q + 0 - 2*q**3 + 3 + 3*q**3. Give w(m).
5
Let w(x) be the first derivative of 3*x**4/4 + 2*x**3/3 + 3*x**2/2 + x - 186. What is w(-1)?
-3
Let a(i) be the first derivative of -i**4/4 - 5*i**3/3 + 9*i**2/2 + 9*i - 3. Let j(g) = 16*g**2 + 0 - 2 - 3 - g**3 - 1. Let o be j(16). Determine a(o).
-9
Suppose 0 = 5*d + 3*c - 41, -4*c = -4*d - 3*c + 26. Let x(w) = -w**2 - w - 2. Determine x(d).
-58
Let p(r) = 5*r + 8. Let a(w) = w. Let d(s) = -6*a(s) + p(s). Determine d(8).
0
Suppose -25*t + 19*t = -12. Let r(a) = -3*a + 7*a**t - 2 + 2*a - a**3 - 6*a. Determine r(6).
-8
Suppose -3*w + 19 = -2*m - 2*m, 0 = -5*m + 4*w - 24. Let z(v) be the first derivative of -1/2*v**2 + 39 - 9*v. Determine z(m).
-5
Let y(i) be the first derivative of -i**2 - 65 + 59 + 4*i - 3*i. Determine y(-3).
7
Let m(k) = -k + 1. Let a = -25 - -53. Suppose -5*n = 4*y - a, -2*y + 23 = 4*n + 9. Give m(y).
-6
Let d be 5 - ((-10)/(-5) - 41). Let n(t) = 2 + d*t - 45*t + 3. Give n(7).
-2
Let f(z) = z**2 - 10*z + 6. Let o be 66/18 - 4/6. Let w be (o/2)/(13/78). Let b be f(w). Let t(u) = u**3 + 2*u**2 - 3*u - 4. Give t(b).
-4
Let y(d) = -49*d**2 - 3*d + 3. Let v(q) = -q**2 - 2*q + 2. Let x(r) = v(r) - y(r). Determine x(1).
48
Let s(t) = 13*t**3 - t**2. Let i = -67 - -118. Let v = 52 - i. Calculate s(v).
12
Let l(z) = 3*z + 4*z**2 + 4*z**2 - 62 + 99 - 42. What is l(1)?
6
Let u(w) = -2*w**2 - 3*w - 1. Let l(r) = -41*r**2 - 19*r - 6. Let s(f) = l(f) - 6*u(f). Give s(-1).
-28
Let p(g) = -15*g**3 - 25*g**2 - 21*g + 13. Let o(a) = 7*a**3 + 12*a**2 + 10*a - 6. Let t = 5 + -18. Let b(s) = t*o(s) - 6*p(s). Let k = 9 + -14. Calculate b(k).
-5
Let d(y) be the first derivative of -y**2 - 9*y + 67. What is d(-6)?
3
Let u = -1686 + 1682. Let x(o) = -o**3 - 7*o**2 - 10*o - 3. Give x(u).
-11
Let b(f) = f + 5. Let w(g) = -g**2 + 12*g + 28. Let t be w(15). What is b(t)?
-12
Let g(m) = -55*m - 6. Let d(w) = -11*w - 1. Let j(u) = 11*d(u) - 2*g(u). Let a(l) = -l**3 - 3*l**2 + 1. Let h be a(-3). What is j(h)?
-10
Let f(v) = 61*v - 32*v - 26*v + 6*v**2 - 2. What is f(-3)?
43
Suppose 2*x - 130 = 5*o - 3*x, -5*x = 10. Let j be -2 - o - (-6)/(-3). Suppose -r + j = -5*z - 0*r, -4*r + 32 = -4*z. Let t(g) = g**2 + 6*g + 2. Give t(z).
-6
Let q be -1 + 7 + -2 - 0. Let g(y) = y + 0*y + 8 + y**2 + q*y + 2*y. Determine g(-7).
8
Let l(i) = -2*i + 43. Let s(o) = -40*o + 101. Let u be s(2). Calculate l(u).
1
Let s(l) be the third derivative of -l**5/60 - 13*l**4/24 - 5*l**3/3 + 801*l**2. Calculate s(-12).
2
Let m(w) = 5*w**2 - 9*w + 4. Let k(i) = i**2 - i. Let h(y) = -4*k(y) + m(y). Let s(n) = 2*n - 6. Let j be s(6). Calculate h(j).
10
Let t(l) = l - 16. Let o be -1 - (-30 - 3 - 3). Suppose 6*a - 11*a + o = 0. Calculate t(a).
-9
Let j(d) = 5*d**3 + 9*d**2 - 10*d - 2. Let r(f) = -4*f**3 - 8*f**2 + 9*f + 3. Let k(c) = -3*j(c) - 4*r(c). Let x(h) = -12*h + 30. Let t be x(3). What is k(t)?
-6
Let x = -48 - -75. Let s = 30 - x. Let q(i) = -8*i**2 + i + 5*i**2 - s*i + 6*i**2. What is q(2)?
8
Let b(p) = p**3 - 6*p**2 + 2*p - 1. Let a(u) = u**3 + 8*u**2 + u + 7. Let g be a(-8). Let m(h) = 6*h**2 - 1. Let y be m(g). Determine b(y).
-16
Let j(t) = -t**3 - t**2 + 2*t - 10. Let q be j(0). Let c be ((-4)/q)/((-1)/(-10)). Let d(i) = -i**2 + 5*i - 6. What is d(c)?
-2
Let y(s) be the third derivative of -s**6/120 - s**5/20 - s**4/12 - s**3 + 223*s**2. Give y(-4).
18
Let s be (-18)/(-45) - (-140)/25. Let z(a) = 2*a - 14. What is z(s)?
-2
Let m = -11 + 7. Let l be (-6)/4*24/(-18). Let f(q) = -6*q**2 - 7 - q**3 + l*q**2 + 4 - q. Determine f(m).
1
Suppose 14*b - 6*b = 64. Let v(z) = -z**3 + 7*z**2 + 11*z - 10. Calculate v(b).
14
Let j(n) = -n**2 + 6*n - 1. Suppose 0 = -3*z + 3, -4*k + 0*k = 5*z - 29. Determine j(k).
-1
Suppose -112 = 8*q - 36*q. Let v(x) = x + 8. Let o be v(-6)